
False
Is ((-387958)/(-6))/((-438)/(-1314)) a composite number?
False
Suppose -5*h = w - 10, -4*h + 13 = 5. Suppose 5*y + l = 39661, w*y + 5*y - 39657 = -2*l. Is y a prime number?
True
Suppose 4*x + 2*q - 38 = 0, 3*q = -3*x + 46 - 10. Suppose 4*r - 15 + x = 0. Let j(i) = 197*i**2 + 3. Is j(r) composite?
True
Let k be -1 + (-6)/2*-9. Suppose -k + 11 = -3*g. Suppose -340 = -g*v - 3*p, 381 - 76 = 5*v - 4*p. Is v a prime number?
False
Let b(t) = -2*t + 28. Let o be b(16). Let i be (-16)/o + 2 + -3. Is 3 - ((i - 58) + -1 + 0) composite?
False
Let g be 2/1*((-18)/(-12) + -1). Let r(d) = 812*d + 6. Is r(g) a prime number?
False
Suppose -16252121 + 1789355 = -54*q. Is q prime?
True
Let o = 55003 - 33770. Is o a composite number?
True
Let g(s) = 5*s - 115 + 130 - 3*s. Let l be g(-9). Is 1*l*(88/(-12) + -4) prime?
False
Is 8 - (-1911866 + -10)/12 composite?
True
Let t(q) = 6*q**3 - 37*q**2 - 7*q - 17. Let c(j) = -5*j**3 + 36*j**2 + 9*j + 18. Let b(u) = -2*c(u) - 3*t(u). Is b(-11) prime?
True
Is (2013871/(-4))/(-17) - (-2 - 11/(-4)) a prime number?
False
Suppose 0 = -2*j + j + 274. Let z = 395 - j. Is z composite?
True
Let d(t) = -21212*t**3 - 8*t**2 + 24*t - 44. Let p be d(6). Is (-2 + 1)/(52/p) prime?
False
Let r(y) = 1586*y - 138. Let f be r(41). Is 40/(-60) + f/6 prime?
False
Suppose 17 - 8 = -k. Is (411 + k)/(0 - -2) a prime number?
False
Let d = 24910 + -41477. Let h = -6026 - d. Is h a prime number?
False
Is (-2 - -211131)*(-28)/56*-2 a prime number?
True
Suppose 1437*o + 173 = 1423*o + 102807. Is o composite?
False
Suppose -3*b - 4*b = -14. Suppose -u + 10 = b*c, u + 15 = 3*c - 0*c. Suppose -2*k - a + 3*a + 1840 = u, 4*k = -4*a + 3672. Is k prime?
True
Let f be 437445/180 - (2/8 - 0). Suppose -501 - f = -j. Is j composite?
True
Suppose 24 + 84 = 4*h. Let q be ((-17568)/h)/(((-4)/(-6))/2). Let a = 2871 + q. Is a prime?
True
Let b(f) = f**3 - 5*f - 8. Let x be b(-4). Let p be 222 + (13/x - (-10)/8). Let t = 318 + p. Is t prime?
True
Let l(z) = -333*z**3 - 7*z**2 - z + 18. Let w be l(-3). Suppose 65*p - w = 46*p. Is p prime?
False
Suppose 13*g = 3004742 - 2334251 + 2921656. Is g composite?
False
Let l = 216 + -111. Suppose -49*g + 44*g = -l. Is g a composite number?
True
Suppose -6949554 = -131*p - 4188625 + 23919317. Is p a composite number?
True
Let j(a) = 32816*a + 339. Is j(17) a composite number?
True
Is 430089/12*-2*-2 composite?
True
Let f be (-2 - (-4 + 3))/(-1). Is (-601*f)/(17/(-34)) prime?
False
Suppose 3*p - p + 3*y = -191, -3*p = 4*y + 286. Let o = -89 - p. Suppose 465 = 5*b + o*i, -2*i - 105 = -b - 0*i. Is b prime?
True
Let f = -91 + 93. Suppose p + 4*i = 3*i + 250, -f*i = -6. Suppose 0*g + p = g. Is g composite?
True
Let q = -1511 + 2880. Let x = q - 600. Is x prime?
True
Suppose -175*g - 4601246 + 103834722 = -59*g. Is g a composite number?
False
Is (1 + -6 - -7)*(-10800845)/(-110) a composite number?
False
Suppose 687669 + 1641148 = 37*o. Is o a composite number?
True
Let n(q) be the second derivative of -17*q**5/10 - q**4/12 + q**3 - 2*q**2 + 5*q + 7. Is n(-3) a prime number?
True
Let y = 5987 + -3720. Let n = 3714 + y. Is n a prime number?
True
Let i = 428 - 908. Let y = 979 - i. Is y prime?
True
Let k(y) = -5*y**3 + 11*y**2 + y + 51 - 14 + 0*y - 47*y. Is k(-11) composite?
True
Let u be (57/(-2))/((-8)/32). Let j = 241 - u. Is j prime?
True
Suppose 2*k + 5*d - 31087 = -4556, 3*d + 13260 = k. Suppose 22105 = 5*y - v + 2*v, 3*y - 4*v - k = 0. Is y composite?
False
Let p(v) = 3*v**3 - 6*v**2 + 48*v - 14. Let g be p(9). Let a = 712 + g. Is a a prime number?
False
Let u(s) = -s**3 - 5*s**2 - 6*s + 3. Let f be u(-3). Suppose 0 = 5*p - f*n + 6, n + 6 = -4*p + 3*n. Is 6172/(-2)*p/6 a prime number?
True
Suppose 26 = 4*t + 6. Suppose 0 = a + 5*x - 581 - 19, -3*a - t*x + 1820 = 0. Suppose a = r + 119. Is r a composite number?
False
Let x(w) be the third derivative of 119*w**4/24 - 25*w**3/3 + 7*w**2 - 1. Is x(5) composite?
True
Suppose 2*j + 1004 = 5*i - 1728, j - 552 = -i. Let d = i - 162. Is d composite?
True
Suppose -10*m = -0*m - 180. Is 8815 - ((-40)/m - 22/(-99)) prime?
False
Suppose -r + 14290 - 2188 = -3*a, 0 = a - 5*r + 4048. Let j = -2766 - a. Suppose 741 = 3*m - 4*s, 0 = -5*m - 0*s - 4*s + j. Is m a composite number?
False
Let d(y) = 310*y - 84. Let v be d(13). Suppose -195*a = -197*a + v. Is a a composite number?
False
Let q be 2/(-1*(7 - 3))*1100. Let u = q + -120. Let o = u + 1049. Is o prime?
True
Suppose -3*i + 97 = -4*b, i + 0*b - 34 = 3*b. Let p be i/11 - (-5)/(55/2). Suppose 2*u + p = u, -3*n - 2*u + 2031 = 0. Is n a composite number?
True
Let q be (-9 - -8)/(2*3/24). Let l be ((-88)/(-40))/(q/10)*-148. Suppose -4*j + l + 30 = 0. Is j prime?
True
Suppose -5*l - p + 4 = 0, -3*l + 2*l - 2*p + 8 = 0. Suppose l*u + 1355 = u. Is u composite?
True
Suppose -120*h = -115*h - 10. Suppose -4*k - 5132 = -3*p + 4461, 2*p = h*k + 6398. Is p a composite number?
False
Suppose 4628195 = 19*h - 5689035 + 2820723. Is h a composite number?
True
Let u be (-6)/2 - (-10290)/14. Let i be 1005*(5 + 64/(-12)). Let d = u - i. Is d composite?
True
Is 3/17 - 149262064/(-9112) a composite number?
False
Suppose 7*a = 9*a + 4. Let m be (-144)/(-32) - ((-3)/a - 2). Suppose -5*z = -0*z + m*i - 6385, -5*z - 4*i + 6387 = 0. Is z a composite number?
False
Let b(k) be the third derivative of -571*k**7/5040 - 11*k**6/720 - 2*k**5/15 - 21*k**2. Let m(o) be the third derivative of b(o). Is m(-6) a composite number?
True
Let p = 6413 - 10044. Let u = 7902 + p. Is u a composite number?
False
Let p = -840267 - -1313947. Suppose -376500 = -20*s + p. Is s a composite number?
False
Let w(t) = 44*t - 40. Let v be w(1). Suppose -2*r = 3*r + 25, -r - 40009 = -v*x. Is x prime?
False
Is (-34)/(-20 - 150) - (-4614788)/10 a prime number?
True
Suppose -68*n = -59*n + 72. Is (9974/n)/(4 + 51/(-12)) composite?
False
Suppose -4*l - 3*z = 69, 0*z + 110 = -5*l + z. Is 170996/11 - l/(-231) a prime number?
False
Suppose 0 = -13*t + 17*t. Let m be ((-1)/(-1))/1 - t. Is 30/120 - (m - 3559/4) a prime number?
False
Let b(x) = -x**2 - 10*x - 18. Let l be b(-10). Let g = l + 25. Is g/((-380)/127 - -3) a composite number?
True
Let l = -112 + 119. Is -13 + 19 - -281*l prime?
True
Let y be (3639/(-3))/(-3 + 2). Let c = 7626 + y. Is c a composite number?
False
Is (-4 + 60/14)/(10/30563155) a composite number?
True
Let c(k) = 8*k + 90. Let b be c(7). Suppose -13*y + b = -12*y. Is y a composite number?
True
Suppose a = -5, p - 5*a + 3 = 22. Let m(c) = -c**2 - 9*c - 18. Let t be m(p). Suppose -5*i - 2*v + 685 = -0*v, t = -5*i + 5*v + 720. Is i prime?
True
Let o(m) = 6959*m - 2845. Is o(48) prime?
False
Suppose 0 = -3*i - 2*t - 3*t + 132, 0 = -4*i - 3*t + 165. Let z = -14 - i. Let g = 306 + z. Is g a composite number?
True
Suppose 121*i - 3440 = 113*i. Let b = 1081 + i. Is b composite?
False
Let t be 14/3*(1761 - 12/(-4)). Let u = 11 - 7. Suppose -4*g = -u*p - t, -p = -1 - 4. Is g a composite number?
False
Suppose 3*f + 9 = -3. Let o(l) be the third derivative of 37*l**5/30 + l**4/12 - 11*l**3/6 - 30*l**2. Is o(f) a prime number?
False
Suppose -2*b + 4*z - 1 = b, -5*b = 5*z - 10. Let n be ((-98)/(-6) - b)/((-6)/(-459)). Suppose 0*c - 5*d = -3*c + 1173, 2*d - n = -3*c. Is c composite?
True
Let h(f) = 225*f**2 + 24*f - 14. Is h(-11) a prime number?
True
Suppose 526*g + 15 = 531*g. Suppose g*x - 303 = 1176. Is x composite?
True
Let r = 363 + -353. Suppose -l = 5*h - 26332, -5*l - 8*h = -r*h - 131633. Is l prime?
False
Let p = 8180 - -1091. Is p a composite number?
True
Let q = 623911 + -434682. Is q a prime number?
True
Let l = -2924 + 2939. Suppose -5 + 15 = -2*r, -y + 11727 = r. Suppose -l*n = -11*n - y. Is n prime?
False
Let m(j) = 20*j - 29. Suppose -4*s - 4 = -4*c, -5*s - 1 + 14 = 4*c. Suppose 3*l = -c*z + 5*z + 57, -41 = -2*l + 5*z. Is m(l) composite?
False
Let t = -67 + 67. Suppose t = -3*a + 2206 + 551. Is a composite?
False
Is -160078*1/(-7)*(-11536)/(-3296) composite?
False
Let a(d) = -18895*d - 1053. Is a(-16) composite?
False
Let c(w) = -3*w**2 + 25*w - 6. Let p be c(7). Suppose 0 = -5*f - 5, 5*j + f = 3*f + p. Suppose -4*y + 22 = -j*o - 558, 580 = 4*y + o. Is y prime?
False
Suppose 19 = -3*g + 19. Suppose 39091 = -g*d + 13*d. Is d prime?
False
Let i be 2/3 - (-1 - 217/3). Suppose 2